. Let s(g) = -g**3 + 13*g**2 + 2*g. Let m be s(a). What is the highest common factor of m and 65?
13
Let n be 4/5 - 22440/(-75). Calculate the highest common factor of n and 12.
12
Suppose -y = 4*y - 520. Suppose f + 0*d + 4*d = -16, 4*d + 36 = 4*f. Suppose 63 = f*w + 11. Calculate the highest common divisor of y and w.
13
Let u = -1014 - -3268. Calculate the highest common divisor of 46 and u.
46
Let p(q) = -q**2 - 47*q + 36. Let b be p(-46). What is the highest common factor of b and 451?
41
Let j(y) = y + 5. Let k be j(-3). Let h(s) = -s**3 + 7*s**2 + 4. Let a = 7 - 0. Let o be h(a). Calculate the greatest common divisor of k and o.
2
Let c(i) = i + 12. Suppose -4*q = -2*b - 32, 3*b + 1 = -4*q + 23. Let f be c(q). What is the highest common divisor of f and 133?
19
Suppose 0 = -6*f + 672 + 288. Calculate the greatest common factor of 140 and f.
20
Suppose -k + 3*k = -5*o + 100, -4*k - 34 = -3*o. Let n = o - 30. Let y be (-3 - -2)*(0 + n). What is the greatest common factor of 48 and y?
12
Let a = -14 - -234. Suppose -13235*z = -13224*z - 220. What is the greatest common factor of a and z?
20
Let f(v) = -v + 62. Let h be f(0). Let y = -7 + h. Calculate the greatest common factor of 22 and y.
11
Let v(k) = -k**2 + 8*k + 19. Let w be v(9). Suppose -30 = -5*d - w. Calculate the greatest common factor of d and 8.
4
Let o = 1039 + -887. What is the highest common factor of 418 and o?
38
Suppose a = 4*a - 15. Let q be (-2 + a/(-3))*-27. Let k = -1059 + 1068. Calculate the greatest common divisor of q and k.
9
Suppose -4*n + 5*n = -5*r + 475, 2*n = 2*r - 202. Suppose a - 6*a + 25 = 0. Suppose g - 7 = a. What is the greatest common divisor of g and r?
12
Let d be 454/8 - 3/(-12). Let j be 4/(-3)*(-120)/10. Let o be (171/12)/(6/j). Calculate the greatest common factor of d and o.
19
Let p be (-9)/(-36) + 37/(-4). Let o be 12/(3/p - (-44)/24). Calculate the greatest common divisor of 40 and o.
8
Suppose -n - 3*n = -24. Let j(k) = k**2 - k + 2. Let h be j(n). Let d = 106 + -74. What is the greatest common factor of d and h?
32
Let r = 191 - 95. Let u = -94 + r. Suppose 3*h - t - 22 = t, -3*h - 5*t = -29. Calculate the highest common factor of u and h.
2
Suppose -242 = 2*g - 13*g. Calculate the highest common factor of g and 583.
11
Let r be -2*9/(9/(-4)). Let d be 2/r - (-2565)/76. Suppose -4*z + 24 + 48 = 5*o, -2*z = 2*o - d. What is the highest common factor of 78 and z?
13
Let g(l) = -9 + 0 + 3 - 10 + l. Let o be g(16). Suppose -h - 38 = -2*y + 4*h, o = 5*y - 3*h - 114. Calculate the highest common divisor of 216 and y.
24
Suppose 17*p - 6*p = 55. Suppose p = s, -5*m - 6 = -5*s - 1. What is the highest common factor of m and 16?
4
Let h(y) be the first derivative of -y**4/4 - 2*y**3/3 + 4*y**2 - 5*y + 7. Let p be h(-5). What is the highest common divisor of p and 20?
10
Let r be 2/57*3 - (-200332)/2204. What is the highest common factor of r and 195?
13
Let z = 12 - 3. Let p = 0 + z. Suppose 2*n = -0*n + 72. Calculate the highest common divisor of p and n.
9
Let d be (200/30)/((-3)/(-9)). Calculate the highest common divisor of 20 and d.
20
Suppose -r = -0*r + 2. Let c(u) = -9*u**2 - 2*u + u + 1 + 10*u**2. Let z be c(r). Calculate the greatest common divisor of z and 14.
7
Suppose 91*v = 74*v + 850. What is the highest common factor of 70 and v?
10
Let h be ((-4)/10)/((-11)/5280). Suppose 2*n - n - 84 = -4*b, 0 = 2*b + 5*n - 60. Let g be (-246)/(-10) - 12/b. Calculate the highest common factor of g and h.
24
Let u = 106 - 101. Suppose u*r = 2*y - 87, 3*r + 4 = -2*y + 131. What is the greatest common factor of 7 and y?
7
Let q(b) = b**3 - 5*b**2 - 4*b + 10. Let f be q(7). Let y = 25 + -24. Let h = y + 9. What is the greatest common divisor of h and f?
10
Let h be 10/(-14) - 14/49. Let v be (6 + h + 0)*1. Suppose f - 4*f - 904 = -v*b, 360 = 2*b - 2*f. What is the highest common factor of 26 and b?
26
Suppose -16*s + 716 = 108. What is the highest common divisor of s and 1406?
38
Suppose 4 = -p + 9. Suppose -2*t = -5*t + 9. Suppose t*o - w - 33 = 0, o - 12 = 4*w + 10. What is the highest common divisor of o and p?
5
Suppose -28*h + 188 = 20. Calculate the greatest common divisor of h and 16.
2
Let h(k) = -k + 6. Let m be h(0). Suppose -q = -m*q + 3*f + 35, f - 28 = -4*q. Calculate the highest common factor of q and 49.
7
Let g(u) = 269*u**3 + u - 2. Let b be g(1). Calculate the highest common divisor of 67 and b.
67
Let c(i) = -i**3 + 6*i**2 - 5*i + 4. Let j be c(4). Calculate the greatest common factor of 208 and j.
16
Let n = 32 + -17. Let x be -2*(11/88 + (-63)/24). Calculate the greatest common factor of n and x.
5
Suppose -z - 2*z - 4*s + 408 = 0, -z - s = -135. Suppose 4*k = z - 12. What is the highest common divisor of k and 60?
30
Suppose -2*d + 4 = 3*k, 0 = 2*k - 7*d + 3*d + 8. Let u(l) = k*l**2 + l**2 + 5*l - 6*l. Let w be u(-3). What is the greatest common divisor of 8 and w?
4
Suppose 0 = 4*s - 6*g + 2*g - 76, -2*g = 6. Let f be (-6 + 0)/(6/(-40)). Calculate the greatest common divisor of s and f.
8
Let r = -314 + 352. Calculate the greatest common divisor of r and 57.
19
Suppose 0 = m - f, -3*m - 5*f = -2*m - 12. Suppose -2 = -m*y, h - 4*y = -h + 80. Let j be h + (-3 - (-1 + 0)). Calculate the greatest common factor of j and 16.
8
Suppose 2*c + 8*n = 7*n + 16, 3*n = -2*c + 8. What is the highest common factor of c and 190?
10
Let t = 10 - -10. Suppose 2*m - 68 = t. Calculate the greatest common factor of 66 and m.
22
Let w(y) be the second derivative of y**5/20 + y**4/2 + y**3/2 + 2*y**2 + 6*y. Let a be w(-3). What is the greatest common factor of a and 2?
2
Let z = -4 - -12. Let k be (-3)/(-12) + (-9)/4 - -2. Suppose k = 5*l - 5*a - 60, -48 - 36 = -5*l - a. What is the highest common factor of z and l?
8
Let j = -994 - -1680. Let n = j + -386. Suppose 0 = -a + 3*a - n. Calculate the highest common factor of 60 and a.
30
Let k(w) = -w + 4. Let j be 0 - -1 - (-1 - 0). Let h be k(j). What is the greatest common factor of 3 and h?
1
Let p(h) = -h**3 + 4*h**3 + 7*h**2 + 6 - 2*h**3 - 41*h + 51*h. Let t be p(-4). Calculate the greatest common divisor of t and 126.
14
Suppose 5*y = 3*h + 54, 3*y + 3*h = 4*y - 18. Let n(m) = -6*m + 18. Let q be n(-3). Calculate the greatest common divisor of q and y.
9
Suppose 5*k + 3*s - 591 = 2*s, 594 = 5*k + 4*s. Let r = -105 + k. Calculate the greatest common factor of r and 52.
13
Suppose -16*j + 1379 + 381 = 0. Let r = 15 - 4. What is the highest common factor of j and r?
11
Let d(n) = -14*n + 67. Let c be d(6). Let i(y) = y**2 + 17*y + 21. Let m be i(c). What is the greatest common divisor of m and 63?
21
Let l(v) = -v**3 + 11*v**2 - 3. Suppose -4*z = -3*b - 11 - 36, -3*b = 4*z - 17. Let j be l(z). Let c = -8 - -29. Calculate the highest common factor of j and c.
21
Let q(i) = -i**2 - 6*i + 1. Let u be q(-5). Let t(a) = -a + 0*a - 3 + 43*a**2 - 41*a**2. Let h be t(u). What is the greatest common factor of 21 and h?
21
Suppose -3*t + 12 = 2*b - t, -33 = -5*b - 2*t. Let z be 16 - (-1 - b)/2. Let c be 1/(-4) - (-201)/4. Calculate the greatest common factor of z and c.
10
Suppose 2*j - 20 = 4*j. Let i be j/35 + (-75)/7. Let l = -8 - i. What is the greatest common factor of 12 and l?
3
Let o(r) = 98*r**2 - 4*r + 4. Let y be o(1). Let s(g) = -15*g - 1. Let u be s(-1). What is the greatest common factor of y and u?
14
Suppose 3*s = -6 - 15. Let r be (s/(112/20))/(2/(-88)). What is the greatest common factor of r and 5?
5
Let b(l) = 21*l + 36. Let m be b(8). What is the highest common divisor of m and 24?
12
Suppose -2*b = 4*x - 48, 4*b - 3*x - 52 - 33 = 0. Calculate the greatest common divisor of 979 and b.
11
Let i(b) = -b**3 + 19*b**2 - 34*b. Let v be i(17). Let f = 171 - 64. Suppose v = -5*p + f - 12. What is the greatest common divisor of p and 76?
19
Let b = 727 - 647. What is the greatest common divisor of b and 120?
40
Let p be 1*(-1 + 2) + (0 - -151). Let u be p/6 + (-8)/6. Let n(h) = 3*h**2 + 4*h + 2. Let j be n(-2). Calculate the highest common divisor of j and u.
6
Let b be ((-2)/(-4))/(7/70). Suppose 4*v + g = -g + 20, b*v - 2*g = 16. What is the greatest common divisor of v and 1?
1
Suppose -2*n + i + 8 = 0, -i + 21 = 2*n + 5. What is the greatest common divisor of n and 438?
6
Let a = 36 + -22. 